rs of x?
2, 13
Suppose -4*q - 1 = -13. List the prime factors of (-3)/q*(-9 - 2).
11
Let r = 109 - 39. What are the prime factors of r?
2, 5, 7
Let p(h) = h**3 - 5*h**2 - 6*h + 2. Let g be p(6). Suppose -5*n = -g*n - 24. What are the prime factors of n?
2
Suppose -5*v + 1 = 11. Let g(n) = 4*n**2 - 2*n - 2. What are the prime factors of g(v)?
2, 3
Let t(x) = -x**2 + 2*x - 1. Let u be t(3). Let h = -16 + 10. Let l = u - h. What are the prime factors of l?
2
Suppose 5*n + 45 = 5*p, 2*p - n = -p + 19. Suppose -p = -3*w + 4. Suppose 3*v - 7 = -o, -3*o + 5*v + 32 = w*v. List the prime factors of o.
2, 5
Let a(l) be the third derivative of l**5/30 + l**4/12 + l**3/6 - 3*l**2. Let v be a(3). Suppose -3*m + 17 = -v. List the prime factors of m.
2, 7
Let o(u) = -3*u - 1. Let z be o(4). Let m = z - -23. Suppose 0 = -3*t + 8*t - m. List the prime factors of t.
2
Suppose 3*f - 18 = -0*f - 3*y, -y + 14 = 5*f. Let g be (3/f + -1)*-2. List the prime factors of (g*2)/((-6)/21).
7
Let v be -3 + 5 - 2*-1. Suppose 20 = c + v*c. Suppose 0*u - 2*u + c = 0. List the prime factors of u.
2
Suppose -2*y = -11 + 1. Let t = y - 3. Let o(q) = 2*q**3 - 3*q**2 + 3*q - 1. What are the prime factors of o(t)?
3
Suppose -5*r + r = -164. Suppose 3*v - 37 = -4*o, r = 4*o - 0*v - v. Suppose -o = -3*t - 2*t. What are the prime factors of t?
2
Suppose -3*i + 5*g = -133, -g = -3*i - 35 + 172. What are the prime factors of i?
2, 23
Suppose n = 3*n - 8, -i - 5*n + 19 = 0. Let f = 7 + i. List the prime factors of f.
2, 3
Let h(r) = -27*r. Let q be h(-3). Let i be (5/10)/((-2)/(-84)). Suppose -3*k - i = -q. What are the prime factors of k?
2, 5
Suppose 4 + 10 = -2*u. Let p(k) = -k**3 - 7*k**2 - 2*k - 5. What are the prime factors of p(u)?
3
List the prime factors of 2/12 - (-2737)/102.
3
Let b be ((-33)/12 + 2)*-4. Suppose -b*t + 12 = -t. List the prime factors of t.
2, 3
Let a(o) = o**2 + 12*o - 5*o - 3 - 10*o. List the prime factors of a(-4).
5
Suppose 2*v = 2*t + 8, t + 14 = 5*v - t. Suppose 5*s + 3*u - 101 = -17, -v*u = 5*s - 81. What are the prime factors of s?
3, 5
Let r be (-10)/(-3)*336/35. Suppose -r = -3*f - f. List the prime factors of f.
2
Let n = 13 + -7. Suppose -15 = -o - n. What are the prime factors of (-6)/o*(-18)/4?
3
Let r be 2 - 0 - 1*-1. Suppose -4*s + 112 = r*u - 0*u, 4*u - 77 = -3*s. List the prime factors of s.
31
List the prime factors of 287*(5 - 4) - 0.
7, 41
Suppose 108 = 3*p - 0*p. List the prime factors of p.
2, 3
Let f(m) = m + 7. Let a be f(-5). Suppose 5*s - 13 = -2*p + 5*p, 4*p + a*s = 26. What are the prime factors of 1/((p/22)/2)?
11
Let o(l) = l + 9. Let j be o(-6). Suppose 3*p + 1 = -5*k + 48, 0 = 2*k + j*p - 26. What are the prime factors of k?
7
Let f(p) = 3*p**2 + 3 - 6 + 3 - 2*p + 1. What are the prime factors of f(1)?
2
Suppose 15*v = 913 + 3947. List the prime factors of v.
2, 3
Let n = 3 + 3. Suppose n = 2*k - 0*a - 2*a, -2 = -2*a. Suppose u - 5*u - 5*p = -20, -2*u - k*p + 4 = 0. List the prime factors of u.
2, 5
Suppose 4*x + 1 - 25 = 0. Suppose -5*o - 5*h = 67 + 38, 3*o = -h - 53. List the prime factors of o/(-10)*(x + -1).
2
Suppose 0 = 3*t - 4*z - 43, 53 = -0*t + 3*t + z. Let g = t - 13. What are the prime factors of g?
2
Let d = 206 - -141. What are the prime factors of d?
347
What are the prime factors of ((-15)/6)/((-15)/12) + 35?
37
Suppose 3*r = 4*n + 16, 3*r = 5*r - 5*n - 20. Suppose r = -5*c + 9 + 16. List the prime factors of c.
5
Suppose 0*o + 8 = 2*o. Suppose -4*q + 4*b + 44 = 0, -o*b + 3*b + 1 = 0. List the prime factors of q.
2, 3
Let k be 0 - -6*((-4)/4)/(-2). Let p = 66 - 9. Suppose k*l - 57 = -3*s, 5*l - p - 24 = -4*s. List the prime factors of s.
2, 7
What are the prime factors of ((-4)/10)/((-1)/10)?
2
Suppose -2*t + 0*k + 2*k + 38 = 0, 3*t - 2*k - 58 = 0. What are the prime factors of ((-4)/(-6))/(t/510)?
17
Let g = -4 - -6. Let k(i) = -2*i**2 + 5*i**g + 11 - 4*i**2. List the prime factors of k(0).
11
Suppose -198 = -2*h - 2*u, h + 2*u - 22 = 76. List the prime factors of h.
2, 5
List the prime factors of ((-72)/(-2))/(8/20).
2, 3, 5
Suppose u - 2*x - 1 + 2 = 0, -5*u - x = -6. Let y be u/4 - 9/36. Suppose y = 2*m + 2*m - 8. What are the prime factors of m?
2
Suppose -o - 1005 = -6*o. List the prime factors of o.
3, 67
Let k be -1*(7*6)/3. Let t = k + 34. List the prime factors of t.
2, 5
Let c(f) = f**2 + 5*f - 2. Let z be c(-6). Let h be ((-4)/z)/((-1)/4). Suppose -2*r + 1 + 0 = -y, 3*r + 11 = h*y. List the prime factors of y.
5
Let r = 27 + -5. What are the prime factors of (-3 + (-14)/(-4))*r?
11
Suppose 111 = 3*r + 6. List the prime factors of r.
5, 7
Let g = -19 + 42. Suppose -5*j + g + 62 = 0. What are the prime factors of j?
17
What are the prime factors of -87*2*(-4)/24?
29
List the prime factors of (18/(-2))/(6/(-174)).
3, 29
Let s be (-1 + 2)/((-2)/(-6)). Suppose s*w - 18 = -a, 2*a = 2*w - 3 + 31. What are the prime factors of a?
3, 5
Let x(k) = -k**3 - 2*k**2 - 2*k - 1. Let u be x(-2). Let i(b) = 2*b - 11*b**u - 3*b + 1 - 2. What are the prime factors of i(-1)?
11
Let w = 4 + -2. What are the prime factors of w?
2
Suppose 4*g = -z - 42, -5*g = 4*z - 2*z + 81. List the prime factors of (z/10 - -1)*-5.
2, 7
Let z be (3/1)/(18/(-12)). Let q be (z/6)/(2/(-24)). Suppose q*i + i = 50. What are the prime factors of i?
2, 5
Let c(n) = n**3 - 3*n**2 + 2*n - 3. Let m be c(3). Suppose m*o - 30 = -2*o. List the prime factors of o.
2, 3
Let t(b) be the second derivative of b**4/4 - b**3/3 - b**2/2 - 6*b. What are the prime factors of t(-2)?
3, 5
Suppose -5*i + 50 = 5*y, 2*i - 6 + 2 = 2*y. What are the prime factors of i/4*(-80)/(-15)?
2
Suppose 0*f + 2*f - 4 = 0. Suppose -d - f*d = -6. List the prime factors of d.
2
Suppose -2*d - 2*f + 64 = -14, 0 = 3*d + 2*f - 119. List the prime factors of d.
41
Let w(a) be the first derivative of -a**4/4 - 5*a**3/3 - a**2/2 - 4*a - 2. Let l be w(-5). Let x(i) = 4*i**2. What are the prime factors of x(l)?
2
Let x(h) = h**2 + 8*h + 1. Let c be x(-9). Let g = c - 11. What are the prime factors of 1*-15*1/g?
3, 5
Suppose 5*q - 3*r - 20 = -0*r, 5*r - 12 = -3*q. Suppose -q*v - 5 = -5*v. What are the prime factors of v?
5
Let x be (-2)/(-3)*45/2. Suppose -x = 3*u - 8*u. List the prime factors of u.
3
Suppose 5*q = -5*k + 3*k + 314, -4*q + 256 = 4*k. Suppose 18 - q = -4*g. List the prime factors of g.
11
Suppose r - 3 = 1. Let v(u) = -2*u**2 - 6*u**3 - u + 5*u**3 + r*u + 4. What are the prime factors of v(-3)?
2
Let n(d) = 6*d - 1. What are the prime factors of n(1)?
5
Suppose 3*l + 11 - 37 = a, 4*l - 4*a = 48. List the prime factors of l.
7
Suppose -2*o - 5*j = -59 + 10, 3*o - 63 = 3*j. List the prime factors of o.
2, 11
Suppose 2*k - 5*u - 823 = 0, -3*k + k + 829 = u. What are the prime factors of k?
2, 3, 23
Suppose -x = -3*q + 13, 2*q + 3*x - x = 14. Suppose 3*o - 98 + 19 = 2*h, -q*o - h + 136 = 0. What are the prime factors of o?
3
Let a(i) = i**3 + 15*i**2 + 10*i + 10. What are the prime factors of a(-14)?
2, 3, 11
Suppose 11*w = 16*w - 1485. List the prime factors of w.
3, 11
Let f(a) = 7*a + 21. List the prime factors of f(7).
2, 5, 7
Suppose 2*q - q - 48 = 0. Suppose q = 5*i - 3*i. What are the prime factors of i?
2, 3
Suppose 10 = 3*z - 5. Suppose 0 = z*v + 4*t - 0*t - 18, 0 = 2*v + 3*t - 10. Suppose 0 = -5*d - p + 3 + 56, -v*p + 58 = 5*d. List the prime factors of d.
2, 3
Let z(s) = -s + 4. Let d be z(0). Let t be 1 + 1*-2 + 0. What are the prime factors of (-7 - t)/((-6)/d)?
2
Let v = -180 - -47. List the prime factors of v/(-9) + (-8)/(-36).
3, 5
Let j(m) = m**3 - 4*m**2 + m + 4. Let d be j(4). Suppose 6*a - d*a + 20 = 0. What are the prime factors of a?
2, 5
Let i be ((-6)/9)/(4/(-6)). Let y = i + 3. Suppose 5*n = y*n + 2. List the prime factors of n.
2
Suppose 0 = -0*w + 3*w - 4*p - 9, -w - p = 4. Let t(s) = 13*s**2 + s + 1. Let m be t(w). Let r = m - 7. What are the prime factors of r?
2, 3
Let l = 25 - 0. Suppose -n - 65 = -5*a, 0 = -3*n + 8*n + l. What are the prime factors of a?
2, 3
Suppose 3*w = 195 - 30. What are the prime factors of w?
5, 11
Let s(x) = -10*x - 10. Let b be s(-5). Let u = b - 15. List the prime factors of u.
5
What are the prime factors of ((-2)/(-4))/(2/44)?
11
Suppose -5*t - 4*d + 34 = 9, 0 = 4*t + 3*d - 20. Suppose 4*v + t - 27 = 2*h, -2*v + 2*h =